e u + 3*l - b = -0*l, -2*u - l = 0. Let j = u + -2. Let m(h) = -h**2 - 3*h - 2. Give m(j).
-2
Let a(w) = -w**3 - 5*w**2 + w + 5. Let x(t) = 3*t**2 + 2. Let h be x(-2). Let z(d) = 0*d + 4 - 3 - d - h. Let g be z(-8). Calculate a(g).
0
Let m(n) = 7*n + 6*n**2 + 0*n + 4*n**3 - 2*n - 3*n**3 - 6. What is m(-5)?
-6
Let f be 15*1*(-18)/45. Let a(t) = -t. Let o be a(f). Let m = o + -9. Let c(q) = q**3 + 2*q**2 - 5*q - 3. Determine c(m).
3
Let m(s) = -3*s**3 - s**2 - s - 2. Let x(q) = 8*q**3 + 2*q**2 + 2*q + 5. Let z(f) = -11*m(f) - 4*x(f). Let t = 0 - 5. Let c = t - -3. Calculate z(c).
0
Let l(p) = 3*p**3 + 3*p**2 + 5*p + 4. Let s(t) = 16*t**3 + 14*t**2 + 26*t + 21. Let u(g) = 11*l(g) - 2*s(g). Let a = -8 + 5. Give u(a).
11
Let w(s) = -s**3 + 16*s**2 + 16*s + 18. Let n be w(17). Let c be (n/3)/(3/9). Let u(g) = g**2 - 1. Determine u(c).
0
Suppose 3*d + 2 = 5. Let j be (0/6)/(d*-2). Let c(t) = t - 2. What is c(j)?
-2
Let v be 17 - 3 - (-9)/3. Let i(u) = u - 8. Let l(r) = -3*r + 23. Let y(b) = v*i(b) + 6*l(b). Determine y(0).
2
Let z(c) = -2*c**2 - 1 + 2 + 0. Determine z(2).
-7
Let f(b) be the first derivative of b**2 + b - 2. Let x be (8/14)/(8/28). Determine f(x).
5
Let c(l) = -l**3 - 2*l**2 + 4 + 7*l**2 - 3. Let a be (0 + 5)*(17 - 16). What is c(a)?
1
Let u(a) = -a**2 + a + 5. Suppose 4*d + 4*d - 32 = 0. Give u(d).
-7
Let t(k) = -1. Let r(v) = -3*v - 1. Let m(l) = r(l) + 3*t(l). What is m(-3)?
5
Let f(b) = 5*b - 8. Let l(i) = -4*i + 7. Let d(m) = -5*f(m) - 6*l(m). Determine d(3).
-5
Let u be -31*1/(-11) - 4/(-22). Let m(w) = -w**3 + 5*w**2 - 2*w - 3. Calculate m(u).
9
Let a(j) = 3*j - 2. Let y(s) = -4*s + 3. Let b = 6 + -4. Let h(i) = b*y(i) + 3*a(i). Give h(5).
5
Let t be 1 - 0 - (5 - 0). Let l(k) = k**2 - 1. Let q(i) = -i**2 + 2*i - 3. Let x(y) = -2*l(y) - q(y). What is x(t)?
-3
Let c(t) be the third derivative of -t**5/60 - t**4/6 - t**3/6 - 2*t**2. Let x be c(-3). Let j(y) = 1 + x*y**2 + y**3 - 3*y + y**2 + 3. Give j(-4).
0
Let n(x) be the second derivative of 2*x + 0 + 1/120*x**5 + 0*x**2 + 1/6*x**4 - 1/6*x**3. Let d(c) be the second derivative of n(c). Determine d(0).
4
Let d be -9*(-4)/(-6) + 4. Let c(p) be the third derivative of p**5/30 + p**4/8 - p**2. Determine c(d).
2
Let p(z) be the second derivative of z**5/20 + z**4/3 - 7*z**3/6 - 7*z**2/2 - 4*z. Calculate p(-5).
3
Let f(c) be the second derivative of 0 + 1/20*c**5 + 1/2*c**4 - 5/6*c**3 + 7/2*c**2 + 8*c. Calculate f(-7).
-7
Let k(a) = -3*a - 23. Let r be k(-7). Let o(c) = -c**3 - c**2 + 3*c + 3. Determine o(r).
1
Let q(j) = j**2 - j + 10. Let o = 10 - 10. What is q(o)?
10
Let i(a) = -a**2 + 12*a - 7. Let k be i(11). Let g(f) = 6*f - 6*f - k - f + 2. Calculate g(0).
-2
Let u(s) = -4*s**3 + 8*s**2 - 3*s - 2. Let q(b) = -1 + 0*b + 4*b - 3*b - b**2 + b**3. Let t = -36 + 33. Let r(l) = t*q(l) - u(l). Calculate r(5).
5
Let y(s) = 17*s**2 - 3*s + 1. Let v(p) = 34*p**2 - 7*p + 3. Let t(z) = -2*v(z) + 5*y(z). Determine t(-1).
17
Suppose 2*y + 2 = -2. Let n(a) = 13*a**2 + 25*a + 8. Let j(v) = -3*v**2 - 6*v - 2. Let g(h) = -9*j(h) - 2*n(h). Determine g(y).
-2
Let k(d) = -d**2 + d + 1. Let y = -4 - -7. Suppose 3*c = -0 - y. Determine k(c).
-1
Let n be (-230)/26 - 26/169. Let d(i) = -i**2 - 8*i - 3. Calculate d(n).
-12
Let w be ((-30)/(-9))/(3/9). Let x(v) = 6 - 3*v + w*v - 8*v. Determine x(-5).
11
Let a(o) = -10*o**2 - 3. Let s(m) = 3*m**2 + 1. Let z(v) = 2*a(v) + 7*s(v). Give z(2).
5
Let u = 27 + -23. Let w(y) = -y**2 + 2*y + 2. Calculate w(u).
-6
Let a(j) = 2*j - 3. Let l be a(3). Let i be 6*((-33)/(-9) + -3). Suppose -m = -l*x + 8*x + 5, 0 = -4*x - i*m - 4. Let s(t) = t + 1. Calculate s(x).
0
Let l(d) = -3*d + 2. Let i be -3 - (2 - 15 - 2). Let s be ((-4)/(-3))/(i/18). What is l(s)?
-4
Let z(s) = -3*s**3 + 12*s**2 - 3*s + 15. Let n(h) = h**3 - 6*h**2 + 2*h - 8. Let t(v) = -5*n(v) - 2*z(v). What is t(-7)?
-11
Let j = -3 - -2. Let i be (-6)/(-9)*j*-3. Let a(o) = -6 - o**3 + 4*o + 3*o**2 + 3 + i. Calculate a(4).
-1
Let s(i) = -2*i - 3*i**2 + 5*i + 3 - 3*i**2 + i**3 + i. Let w be ((-2)/3)/(2/(-30)). Suppose 0 = -t - t + w. Calculate s(t).
-2
Let l = 10 - 7. Let k(o) = o**2 + 5 + 3*o**2 - 3 - o + 1 - o**l. Give k(3).
9
Let h(v) = v - 3. Let x(p) = -p + 3. Let i(u) = -4*h(u) - 5*x(u). Suppose 3*k - f - 14 = 0, f + 8 + 0 = 2*k. Give i(k).
3
Let x(s) = s + 8. Suppose -5*y - n - 20 = -3*n, -4*y + 5*n = -1. What is x(y)?
2
Let a(m) = -m**2 - 3*m + 4. Let w be a(-4). Let n(z) = w*z**3 + 2 - z**3 - 3*z**2 + 0*z**3 + 2*z. Calculate n(-3).
-4
Suppose 8 = 2*u + 2*u. Suppose 3*i = -2*s + 13, u*i + 0 + 4 = 5*s. Let c(o) = -15*o - 11. Let b(f) = -3*f - 2. Let z(a) = -11*b(a) + 2*c(a). Calculate z(s).
6
Let w(m) = -7*m - 2. Let j(v) = 4*v + 1. Let r(z) = -5*j(z) - 3*w(z). Let t = 0 - -2. Suppose -33 = -5*q + 2*s, -2*q + 2*s + 28 = t*q. Give r(q).
6
Let l(i) = i**2 + 2*i - 3. Let s be ((-1)/(-1))/((-5)/(-25)). Suppose -5*r - 4*w + w - 17 = 0, 0 = -s*r + w - 21. What is l(r)?
5
Let u(y) = -13*y - 8. Let l(p) = -7*p - 4. Let a(w) = -7*l(w) + 4*u(w). What is a(-4)?
8
Let u(z) be the second derivative of z**4/12 - z**3/6 + 7*z**2 - 22*z. Calculate u(0).
14
Let u(s) be the third derivative of -5*s**2 + 0 + 1/60*s**6 + 0*s - 1/30*s**5 - 1/3*s**3 + 0*s**4. Calculate u(2).
6
Let m(c) = c + 2. Suppose k = -3*s + 15, -3*s + 18 - 3 = -2*k. Suppose k*o = o. Give m(o).
2
Let k(o) = -2*o - 3. Let s(w) = w**2 + 4*w + 2. Let z = 1 + 1. Let y be 1 - (1 + z/1). Let v be s(y). What is k(v)?
1
Let w(f) = f**3 + 5*f**2 - 3*f - 4. Let o(t) = t**3 + 6*t**2 - 2*t - 4. Let g(q) = -2*o(q) + 3*w(q). Give g(-3).
11
Let z(t) be the third derivative of t**5/120 - t**4/8 - t**3/3 - 4*t**2. Let m(f) be the first derivative of z(f). Determine m(-3).
-6
Let a = -4 - -2. Let l(m) be the first derivative of 5*m**3/3 - 3*m**2/2 - 5*m + 5. Let w(g) = 2*g**2 - g - 2. Let u(v) = -3*l(v) + 8*w(v). What is u(a)?
1
Let v be (6/(-4))/(-1)*2. Let t be 0*1*(-1)/(-2). Let n(p) = -3*p**2 + 5*p - 3 + 4*p**2 + t*p**2 - 2*p**2. Calculate n(v).
3
Let q = 6 + -9. Let i(d) = -26*d + 86*d - 32*d - 3 - 31*d. Give i(q).
6
Let w(u) be the third derivative of u**6/120 - u**5/20 - 5*u**4/24 + u**3/3 + 2*u**2. Let t be w(4). Let g(r) = -3*r**2 - 4*r - 2. Determine g(t).
-6
Let t(h) = -17 - 5*h + 7*h - 3*h. Let v be t(-12). Let o(u) = u**2 + 5*u + 2. Determine o(v).
2
Let s(z) be the third derivative of -z**6/120 + z**5/15 + z**4/6 - z**3/2 - 8*z**2. Determine s(5).
-8
Let g(r) = -5*r - 7. Let s(v) = 11*v + 15. Let k(u) = -13*g(u) - 6*s(u). Give k(-1).
2
Suppose 0 = -2*s + 6, -5*s = c - 7 - 12. Let z(u) = -u**2 + 4*u. Give z(c).
0
Let n(p) be the third derivative of p**2 - 1/60*p**5 + 0*p + 0 + 3/2*p**3 + 0*p**4. Let r = -72 - -72. Calculate n(r).
9
Suppose 0*v = 3*v + u - 6, 0 = 4*u. Let p(s) = 3*s**3 + 7*s**2 - 2*s - 4. Let o(k) = -2*k**3 - 5*k**2 + k + 3. Let t(z) = 7*o(z) + 5*p(z). Calculate t(v).
3
Let t be 2/7 + 6/(-21). Let h = 2 + t. Suppose -h*k + 9 = -5*k. Let r(x) = x. Determine r(k).
-3
Let t = -51 - -82. Suppose -4*p = -5*f - t, p - 4*p + 6 = 2*f. Let x(u) = -6*u - 1 + 1 + u**2. Determine x(p).
-8
Suppose 2*m - d = 0, 4*d - 10 = 6. Let x(a) = a - 6*a - 4*a**m + 5*a**2. Calculate x(5).
0
Let z(p) = -2*p**3 + 7*p**2 - 3*p - 5. Let m(v) = -3 - 2*v**3 + 0 + v**3 - 2*v - 3*v**2 + 6*v**2. Let u(n) = 5*m(n) - 3*z(n). Give u(6).
-6
Let g(w) = 1 - 5*w**2 + 302*w**3 - 301*w**3 + 0*w**2 - 6*w. Determine g(6).
1
Let l(n) = -2*n - 12. Let k be l(-9). Let j(r) = r**3 - 6*r**2 + 5*r**2 + 4*r - k*r - 1. What is j(-2)?
-9
Let h(w) = w**2 + 4*w - 6. Let u = 10 + -22. Let z(f) = -f**3 + 10*f**2 - 2*f + 13. Let b be z(10). Let a = u - b. Determine h(a).
-1
Let y(t) be the first derivative of t**4/12 + t**3/3 + t**2/2 - 2. Let w(z) be the second derivative of y(z). Suppose -2*r - 1 = 5. Give w(r).
-4
Let o(c) = c - 2. Let q be o(8). Let h(w) = 2*w - 6 - 6 + q. Determine h(4).
2
Let m = -43 - -46. Let d(p) = p**2 - 3*p + 4. What is d(m)?
4
Let u(d) = -2 + 0*d**2 - d**2 + 3*d + 1. Suppose j + 5*g = -5, 4*j + g = 1 - 2. Let a = j + 1. Determine u(a).
1
Suppose -4*f - 11 = -5*t, 14 = 5*t - f - 0*f. Let o(y) = y + 1 + 13*y - 8*y. Let s(p) = -19*p - 4. Let l(w) = -7*o(w) - 2*s(w). Determine l(t).
-11
Let v(b) = b**2 + 6*b + 3. Let f be v(-6). Let j(a) = -5 + 7 - a**2 - f*a + 0*a. Wha